 0 = 4*r. Calculate the highest common divisor of g and 12.
6
Let f be 0 - (0 + -5 + 0). Suppose -5*w + 20 = 0, 26 + 24 = 5*y - f*w. Calculate the highest common divisor of 7 and y.
7
Suppose w - 126 = -0*w. Let x = -192 - -278. Let v = w - x. Calculate the highest common divisor of v and 5.
5
Suppose -41*i + 45*i = 184. Calculate the highest common divisor of i and 46.
46
Let y = -5 - -8. Suppose -23 = y*w - 71. Let k = 2 - -6. What is the greatest common factor of k and w?
8
Let w(z) = -z**2 - z + 95. Let p be w(0). Suppose -5*c = -0*c - 95. What is the greatest common factor of c and p?
19
Let a be (12/12)/((-1)/(-9)). Calculate the highest common factor of 6 and a.
3
Let m be (1 - 1) + (-455)/(-7). Let g be ((-28)/(-6))/((-6)/(-63)). Let k = g - 23. Calculate the highest common divisor of m and k.
13
Let z(y) = y. Let c(k) = 3*k - 4. Let o(h) = -c(h) + 2*z(h). Let v be o(-4). What is the greatest common divisor of v and 2?
2
Let i = 433 + -294. Suppose 4*k - 197 - i = 0. Calculate the greatest common divisor of k and 12.
12
Suppose -3*m + 156 = m. Suppose -u - 4*j = -22, -u - j = 2*u - 66. Suppose 4*i - m - u = -5*d, -i - 1 = 0. Calculate the greatest common factor of d and 52.
13
Let c = 1425 + -545. Let t be 1/(-5) - c/(-25). What is the highest common factor of 14 and t?
7
Let o(s) = 5*s**2 - 5*s - 9. Suppose b - 3*k + 1 = -2*k, -5*b - 5*k = 35. Let h be o(b). Calculate the greatest common factor of h and 13.
13
Let i be 2/(-8) - (-262)/(-8). Let k = 59 + i. Calculate the highest common divisor of 39 and k.
13
Suppose 5*u + 16 = 2*t, -5*t - 5*u + 115 - 40 = 0. Calculate the greatest common divisor of 78 and t.
13
Let x = 163 - -29. Suppose 6 = -3*n, 2*a - 5*n + 0*n - x = 0. Suppose 3*r = 7*r - 52. Calculate the highest common divisor of r and a.
13
Let d(h) = -h**2 - 9*h + 3. Let z be d(-8). Suppose -4*v - 3 = -z. Calculate the greatest common divisor of v and 1.
1
Suppose 4 = -5*l + 14. Calculate the highest common factor of l and 10.
2
Let n be 0 + (3 - -1) + 0. Let b(j) = -3*j + 24. Let u be b(7). Suppose 64 = m + u*m - n*a, -m + 28 = 5*a. What is the greatest common divisor of 54 and m?
18
Let c(z) = -z**2 + 16*z - 24. Let a be c(13). What is the highest common factor of a and 6?
3
Let c(l) = 6*l**2 - 2. Let v(y) = 5*y**2 - 2. Let b(k) = -4*c(k) + 5*v(k). Let q be b(-4). Calculate the highest common factor of q and 2.
2
Let c be 40/6 - (-2)/6. What is the highest common factor of 14 and c?
7
Let u(a) = -a**2 + 3*a + 6. Let j be u(-6). Let f = 97 + j. Calculate the greatest common divisor of 7 and f.
7
Let w be -22*(63/(-6))/7. Calculate the greatest common divisor of w and 264.
33
Suppose 5*k = -3*i + 44 + 6, 4*k = -2*i + 38. Let q = k - -16. Suppose -m + 3*a + 20 = a, 0 = -m + a + q. Calculate the greatest common divisor of 65 and m.
13
Suppose 0*o - 34 = -d - 2*o, d = -o + 30. Let m be (d/(-4))/((-7)/14). What is the highest common factor of m and 39?
13
Suppose 0*p + 2*p = 0. Let o be (p - (0 + -2)) + 2. Let g be (2/5)/(2/80). Calculate the greatest common factor of o and g.
4
Let p be ((-552)/(-115))/((-4)/(-10)). Let d(b) = -b**2 - 4*b + 6. Let t be d(-5). Let n = t - -3. What is the highest common divisor of n and p?
4
Let j = 1 + -16. Let o = -10 - -4. Let a = o - j. What is the greatest common divisor of a and 45?
9
Let c be (-16)/32*(-2 - 0). What is the highest common factor of c and 5?
1
Let d(x) = -x**2 + 8*x - 6. Let q be d(6). Suppose -3*g = 2*w - 35 - 114, 0 = 2*g - q. Calculate the highest common factor of 14 and w.
14
Suppose -6 = -p - 4. Let t be (-2)/(-7) + 162/21. What is the highest common divisor of p and t?
2
Let v be 34/10 - 2/5. Suppose -2*s + 56 = v*i, i + i = s + 28. Let p = -124 + 300. What is the highest common factor of p and i?
16
Let l = 204 + -187. What is the highest common factor of 68 and l?
17
Let c(b) = b + 5. Let i be c(-2). Suppose p + 3*j - 223 = -64, 0 = -p + 2*j + 169. Suppose -p = 4*l - 9*l. What is the greatest common divisor of i and l?
3
Let b(l) = l - 1. Let p be b(5). Let y = 1 + 4. Let x be (y/(-2))/((-2)/p). What is the highest common factor of 10 and x?
5
Suppose -3*q = 6, 2*z + 0*q = 2*q + 404. What is the greatest common divisor of z and 20?
20
Let c be -1*(12/(-8))/(6/32). What is the greatest common divisor of 32 and c?
8
Suppose 0 = l + 3*l - 24. What is the greatest common divisor of 6 and l?
6
Let i be (-38)/(-4) - 3*(-1)/6. What is the highest common factor of i and 50?
10
Suppose -2*v + 2*l + 14 = 0, 5*v + 5*l = -0*l + 5. Suppose v*p - 18 = 2*p. Calculate the greatest common factor of 27 and p.
9
Suppose 12 = 6*n - 2*n. Suppose -x - n*x = -396. Calculate the highest common factor of x and 9.
9
Let d = 3 + 3. Suppose -3*y = 4*g + 19, -5*y + 4*g + 5 + d = 0. Let s be ((-1 - y) + 1)/1. Calculate the highest common divisor of s and 1.
1
Let f = 188 + -131. Let j(h) = -h**3 - 9*h**2 - 2*h + 1. Let v be j(-9). What is the greatest common divisor of f and v?
19
Let q(p) = -6*p + 3. Let y be q(-5). Suppose y = 4*f - 27. Suppose 4*b + 22 = 2*s, 4*s + 2*b = b + 62. What is the greatest common factor of f and s?
15
Suppose 0 = 3*t + j - 14, -4*j - j + 37 = 4*t. Let u = -33 - -24. Let g be u/6*(-14)/t. Calculate the highest common factor of g and 7.
7
Suppose 0*m - m + 557 = 0. Suppose -m = -5*h + 163. Calculate the highest common factor of h and 16.
16
Suppose 2*n = -2*n + 76. Suppose 3*l - 198 = 3*q, q - 107 - n = -2*l. Calculate the greatest common divisor of 16 and l.
16
Let i(y) be the second derivative of 15*y**3 + y**2/2 + 2*y. Let s be i(1). What is the highest common divisor of s and 13?
13
Let t(q) = -3*q**2 + 20*q - 4. Let w(j) = 2*j**2 - 13*j + 3. Let p(c) = 5*t(c) + 8*w(c). Let i be p(8). What is the greatest common divisor of i and 24?
12
Let u be 17 + 3 + -3 + 0. Calculate the greatest common divisor of 136 and u.
17
Let w be (0 + -2*1)/(4/(-242)). What is the greatest common divisor of w and 22?
11
Let y be ((-4)/(-5))/((-4)/(-10)). Let g be (-4)/y + 12/3. Calculate the greatest common divisor of g and 22.
2
Let d = 58 + -57. What is the highest common factor of 3 and d?
1
Let k be -4*(-3)/6 + 0. Suppose -k*v = b - 40, -5*b - 9 - 11 = -v. Calculate the greatest common divisor of 20 and v.
20
Suppose i + 2*x - 54 = 0, 0 = 3*i + 2*i + 2*x - 294. Let d(g) = -g**2 + 46*g - 30. Let m be d(45). Calculate the greatest common factor of i and m.
15
Suppose n - 2 + 20 = 5*u, 2*u + n = 10. Let o be (u/3)/(10/105). Calculate the highest common factor of o and 42.
14
Let z = 557 - 392. What is the greatest common divisor of z and 15?
15
Let r be (2/4)/((-2)/(-56)). Let z be 2*1/2*r. Calculate the greatest common divisor of z and 2.
2
Let x(u) = u**2 + 5*u - 6. Let g be x(-8). Let v = g - 11. Let l be (-14)/(-49) + 222/v. Calculate the greatest common divisor of 4 and l.
4
Suppose -2*l - 7 = -g, -5*g + 28 = -3*l - 0*l. Suppose -44 + 9 = -g*s. Calculate the highest common factor of 56 and s.
7
Suppose 5*t - 4*s = -3, -5*s = -0*t - 3*t + 6. Let g be (128/t)/(2/(-9)). Calculate the greatest common factor of 24 and g.
24
Let c(m) = -m + 11. Let i be c(0). Suppose -4*v - v - 451 = 2*x, 2*v - 4*x = -166. Let h = 166 + v. What is the highest common divisor of i and h?
11
Let s be 0/(3/((-3)/2)). Suppose 3*h - 27 = 2*t, 2*h - 5*t = -s*t + 18. Calculate the highest common divisor of h and 1.
1
Let b = 230 + -131. What is the greatest common factor of b and 11?
11
Let h(b) = 342*b**2 + b + 1. Let p be h(-1). Let k be (-1 + 0)/((-2)/p). Let a = k - 51. Calculate the greatest common factor of a and 15.
15
Suppose 0 = -5*b + 2*b + k + 27, -2*k = b - 2. Let i(t) = -8*t**2 - 12 + t**3 + t + t + 0. Let q be i(b). Calculate the highest common divisor of q and 8.
4
Let v be ((-56)/12)/(-2)*12. Suppose 7 - v = -g. Calculate the highest common factor of 3 and g.
3
Let i be 576/8 - (-2 - -2). Calculate the greatest common factor of i and 9.
9
Suppose 0 = -3*d - 3*z + 54, 0 = -7*d + 4*d + 3*z + 36. Let n(y) = -y**3 - 10*y**2 - 11*y - 8. Let l be n(-9). Calculate the highest common factor of d and l.
5
Let u(p) = 8*p + 6. Let w be u(-3). Let v = w + 74. What is the greatest common divisor of v and 8?
8
Suppose -4*u + 2*u - 2*n = -16, -5*u + 2*n + 26 = 0. Suppose 0 = -4*s - 9 + 45. Calculate the highe